443.
13, 11761111
What are the prime factors of 206137908?
2, 3, 641, 8933
List the prime factors of 2150954899.
293, 7341143
List the prime factors of 91213355.
5, 18242671
List the prime factors of 3846257720.
2, 5, 96156443
List the prime factors of 12158836.
2, 53, 83, 691
List the prime factors of 159599505.
3, 5, 13, 113, 7243
What are the prime factors of 140951920?
2, 5, 67, 26297
What are the prime factors of 1424060596?
2, 7, 50859307
What are the prime factors of 67646380?
2, 5, 3382319
List the prime factors of 141139779.
3, 11, 4276963
What are the prime factors of 2337795252?
2, 3, 13, 384253
List the prime factors of 9104486.
2, 17, 331, 809
List the prime factors of 94695202.
2, 7, 17, 19, 43, 487
List the prime factors of 14078600.
2, 5, 70393
What are the prime factors of 2574870589?
29, 37, 631, 3803
List the prime factors of 31861125.
3, 5, 127, 223
What are the prime factors of 580641271?
7, 82948753
What are the prime factors of 132371754?
2, 3, 22061959
What are the prime factors of 1232143000?
2, 5, 11, 17, 599
What are the prime factors of 694829513?
7, 99261359
List the prime factors of 2020557332.
2, 1619, 312007
List the prime factors of 58762204.
2, 101, 145451
List the prime factors of 2403380545.
5, 480676109
What are the prime factors of 101592976?
2, 6349561
What are the prime factors of 449157945?
3, 5, 29, 61, 16927
What are the prime factors of 1028430873?
3, 37, 3088381
What are the prime factors of 386091198?
2, 3, 547, 4357
What are the prime factors of 611823990?
2, 3, 5, 2069, 9857
List the prime factors of 29653967.
7, 17, 97, 367
What are the prime factors of 70578757?
71, 994067
List the prime factors of 1474476904.
2, 184309613
List the prime factors of 2010949590.
2, 3, 5, 13, 396637
List the prime factors of 292089219.
3, 2293, 42461
What are the prime factors of 113049694?
2, 17, 3324991
List the prime factors of 52853702.
2, 11, 2402441
List the prime factors of 349192716.
2, 3, 17, 19, 23, 3917
List the prime factors of 3886491264.
2, 3, 113, 89567
List the prime factors of 118679953.
7, 41, 61, 6779
What are the prime factors of 38582257?
7, 79, 9967
List the prime factors of 102551833.
2777, 36929
List the prime factors of 13664360.
2, 5, 211, 1619
What are the prime factors of 34138783?
7, 4876969
List the prime factors of 135026610.
2, 3, 5, 29, 155203
What are the prime factors of 164203429?
13, 163, 77491
List the prime factors of 1623303576.
2, 3, 22545883
List the prime factors of 130702581.
3, 1297, 11197
List the prime factors of 2338826562.
2, 3, 103, 140167
List the prime factors of 12154106.
2, 47, 239, 541
List the prime factors of 295557881.
79, 3741239
List the prime factors of 1101652041.
3, 7, 4273, 12277
What are the prime factors of 5404375152?
2, 3, 11, 3411853
List the prime factors of 25789966.
2, 181, 191, 373
What are the prime factors of 298258889?
1579, 188891
What are the prime factors of 164584210?
2, 5, 7, 233, 10091
What are the prime factors of 381292957?
29, 13148033
List the prime factors of 23933231.
7, 3419033
What are the prime factors of 26957603?
43, 626921
What are the prime factors of 110246794?
2, 7, 617, 12763
What are the prime factors of 50576374?
2, 25288187
What are the prime factors of 1418580882?
2, 3, 78810049
List the prime factors of 42212458.
2, 29, 181, 4021
List the prime factors of 1697675055.
3, 5, 113178337
What are the prime factors of 506598939?
3, 7, 11, 401, 1823
What are the prime factors of 18403633?
607, 30319
What are the prime factors of 921812763?
3, 29, 10595549
What are the prime factors of 349789948?
2, 1823, 47969
What are the prime factors of 71720563?
277, 258919
What are the prime factors of 801807031?
8641, 92791
List the prime factors of 600807535.
5, 83, 431, 3359
List the prime factors of 489660569.
107, 619, 7393
List the prime factors of 1049896629.
3, 479, 243539
List the prime factors of 317592452.
2, 79398113
List the prime factors of 94873074.
2, 3, 53, 298343
What are the prime factors of 45784979?
107, 449, 953
List the prime factors of 55856552.
2, 29, 71, 3391
List the prime factors of 44216190.
2, 3, 5, 47, 10453
List the prime factors of 595168683.
3, 198389561
What are the prime factors of 4385853?
3, 162439
What are the prime factors of 2717794841?
1433, 1896577
What are the prime factors of 24191062?
2, 7, 59, 29287
List the prime factors of 606100080.
2, 3, 5, 2525417
What are the prime factors of 32007319?
151, 211969
List the prime factors of 61142848.
2, 13, 5653
What are the prime factors of 109474463?
7, 1213, 12893
What are the prime factors of 192335045?
5, 7, 47, 16703
List the prime factors of 275306696.
2, 7, 702313
List the prime factors of 928310818.
2, 47, 127, 77761
What are the prime factors of 35575296?
2, 3, 19, 23, 53
What are the prime factors of 114580563?
3, 38193521
List the prime factors of 2317302546.
2, 3, 13, 2659, 11173
List the prime factors of 80442632.
2, 10055329
List the prime factors of 49168144.
2, 1753
What are the prime factors of 41555325?
3, 5, 7, 79153
What are the prime factors of 3907426257?
3, 7, 2953459
List the prime factors of 295212310.
2, 5, 17, 19, 91397
What are the prime factors of 668653306?
2, 109, 353, 8689
What are the prime factors of 865539330?
2, 3, 5, 28851311
What are the prime factors of 84239857?
13, 6479989
What are the prime factors of 41890157?
353, 118669
List the prime factors of 2960519361.
3, 491, 2009857
What are the prime factors of 68347558?
2, 97, 571, 617
What are the prime factors of 135243268?
2, 33810817
List the prime factors of 123245661.
3, 7, 11, 23, 23197
List the prime factors of 7653602.
2, 11, 347891
List the prime factors of 15831046.
2, 7, 11, 17, 6047
List the prime factors of 145557274.
2, 72778637
List the prime factors of 38206330.
2, 5, 1861, 2053
What are the prime factors of 45397000?
2, 5, 11, 4127
List the prime factors of 2004005720.
2, 5, 50100143
What are the prime factors of 25575145?
5, 433, 11813
What are the prime factors of 1058536660?
2, 5, 61, 867653
List the prime factors of 1122302922.
2, 3, 13, 41, 163, 2153
List the prime factors of 30662061.
3, 2383, 4289
What are the prime factors of 705352012?
2, 176338003
List the prime factors of 874346470.
2, 5, 87434647
What are the prime factors of 1600975957?
7, 43, 5318857
List the prime factors of 4331742548.
2, 7, 3793, 40787
What are the prime factors of 92060024?
2, 7, 234847
List the prime factors of 125872444.
2, 761, 41351
List the prime factors of 150909514.
2, 7, 19, 81047
List the prime factors of 1069827418.
2, 11, 1163, 41813
List the prime factors of 82916697.
3, 139, 198841
List the prime factors of 72572569.
2789, 26021
What are the prime factors of 4127589379?
151, 27335029
What are the prime factors of 11367379?
11367379
List the prime factors of 2774654977.
223, 281, 44279
What are the prime factors of 26046640?
2, 5, 29, 103, 109
List the prime factors of 284793398.
2, 29, 47, 104473
What are the prime factors of 49901679?
3, 5544631
List the prime factors of 827804449.
29, 4993, 5717
List the prime factors of 90432315.
3, 5, 669869
List the prime factors of 31037262.
2, 3, 31, 166867
List the prime factors of 5398345237.
41, 199, 541, 1223
What are the prime factors of 124521552?
2, 3, 864733
List the prime factors of 146772067.
13, 17, 577, 1151
List the prime factors of 117400034.
2, 353, 166289
List the prime factors of 28803966.
2, 3, 4800661
What are the prime factors of 545716174?
2, 272858087
What are the prime factors of 148308210?
2, 3, 5, 37, 44537
What are the prime factors of 1486989595?
5, 7, 13, 251393
List the prime factors of 22636914.
2, 3, 853, 4423
List the prime factors of 1399877559.
3, 1920271
What are the prime factors of 46477963?
7, 23, 288683
What are the prime factors of 3855435265?
5, 11, 70098823
What are the prime factors of 1602337936?
2, 1153, 86857
List the prime factors of 4556656246.
2, 2278328123
List the prime factors of 44715731.
773, 57847
List the prime factors of 1451303992.
2, 181412999
What are the prime factors of 1683376662?
2, 3, 11, 271, 94117
List the prime factors of 151596064.
2, 4737377
What are the prime factors of 1746699771?
3, 619, 661, 1423
List the prime factors of 94880